= -o**2 + 5*o - 2. Let f(h) = l(h) + 2*z(h). Let v = -784 - -788. Calculate f(v).
-8
Let v be 2*(4 + (-35)/10). Let s(j) = 10*j + 1. Give s(v).
11
Let z(n) = n**3 - 9*n**2 + 10*n - 12. Let w be z(8). Let q(r) = 0*r**2 + 8*r**2 - r**3 + 6 - 3*r**2 - 5*r. Give q(w).
2
Let r be -2*9/6 + 10. Let t = 8 - r. Let q(y) = -3*y**2 + 0*y**2 + y**3 - 1 + y**2 + 2*y. What is q(t)?
0
Let w(r) = -r**2 + 7*r. Let b be w(5). Suppose 0 = -i + 2*i - 3. Suppose b = i*s + 1. Let a(f) = -3*f + 4. Give a(s).
-5
Let r(p) be the second derivative of -p**4/12 - 2*p**3/3 - p**2/2 - 5*p. Give r(-4).
-1
Let o(x) be the third derivative of -x**6/120 + x**4/24 + x**3/3 - 5*x**2. Calculate o(2).
-4
Let b(l) = -l**3 - 6*l**2 + 8*l + 6. Let m(w) = -2*w**2 + 17*w + 2. Let x be m(9). What is b(x)?
-1
Let i(a) = -a**3 + 4*a**2 + 10*a - 7. Let b be (-4)/3*(297/(-6))/11. Calculate i(b).
-19
Let a = -20 - -24. Let j(k) = 3*k. Calculate j(a).
12
Let r(u) = -u**3 - 12*u**2 + 5. Suppose 14 = -3*v + 2*k - 22, 2*v + 24 = -3*k. Calculate r(v).
5
Let k(j) be the second derivative of -j**5/20 - j**4/12 - j**3/6 - 2*j**2 + 7*j. What is k(0)?
-4
Let v be 1/3 + 0 - (-8)/48. Let s(k) be the second derivative of v*k**2 - 7/12*k**4 + 0 - 3*k - 1/6*k**3. Calculate s(1).
-7
Let f(t) be the first derivative of 0*t**3 + 1 + 0*t**5 + 3/2*t**2 - 1/24*t**4 + 1/24*t**6 + 0*t. Let v(j) be the second derivative of f(j). Determine v(1).
4
Let p(d) = d**2 + 3*d. Let x be p(-3). Suppose 5*o + 10 = -5*a, -3*o - 28 = -a + 2*o. Let g(y) = y**2 + y**a + y + 1 - 3 + 1. Calculate g(x).
-1
Let t(a) be the second derivative of 3*a**3/2 + a**2/2 + 8*a. Determine t(-1).
-8
Let i = 18 - 13. Let m = 7 + -6. Let y = m - i. Let h(s) = s**3 + 4*s**2 + s - 1. Give h(y).
-5
Let a(b) = 2*b**2 - 4*b. Let n be -3 + (1 + 3 - -22). Suppose s = -3*y + 12, -2*y - 3*s - 8 = -n. Calculate a(y).
6
Let q = -3 + 4. Let t(c) = -2*c + q + 1 + 0. Calculate t(3).
-4
Let d(q) = -q - 4. Let o = -7 - -10. Give d(o).
-7
Let f = 1 - -1. Suppose -3*v + 5 = -1. Let s(l) = -l + v - 4*l**3 + 3*l**3 - l**f + 5. What is s(0)?
7
Let h = -8 - -6. Let j(u) = -2*u**3 + 4*u**2 + u + 3. Let g(a) = -3*a**3 + 4*a**2 + 3. Let k(c) = -3*g(c) + 4*j(c). What is k(h)?
3
Let t be 4*(6/8)/1. Suppose -t*u + 9 = -2*i - 4, 4*u = 4*i + 20. Let v(k) = k**3 - 2*k. Determine v(i).
-4
Suppose 13*g = -0*g. Let h(v) = v**2 + 9. What is h(g)?
9
Let g(x) be the second derivative of -x**4/24 - x**3/6 + x**2 - 2*x. Let i(a) be the first derivative of g(a). Let v = 5 - 1. Determine i(v).
-5
Suppose 4*c - 9 - 19 = 4*j, -2*j = 2. Let k(b) = -b**2 + 5*b + 6. Give k(c).
0
Let l(u) = -5*u + 4. Suppose -5*d = 2*w - d - 10, -3*w = 3*d - 12. Determine l(w).
-11
Let f(w) = w - 1. Let i be (-1)/((4 - 3)/(-5)). Determine f(i).
4
Suppose 2*p - 8 = 6*p. Let q(f) be the second derivative of 0 + 1/6*f**3 + 3*f + 1/12*f**4 + 1/2*f**2. What is q(p)?
3
Let o(p) = 7 + 2*p - 5*p + 0. Suppose -2 + 32 = 5*v. Calculate o(v).
-11
Let n(q) = 2*q + 4 - q - 2*q - q. Calculate n(3).
-2
Let i(c) = -c**2 + 9*c. Let x be -10*(-12)/10 - 2. What is i(x)?
-10
Let o(j) = -7*j + 2*j**2 - 19 + 13 - 3*j**2. Let r(p) = -6*p - 1. Let s be r(1). What is o(s)?
-6
Let w(z) = z + 1. Let l(n) = -n**2 + n + 1. Let k(j) = -5*l(j) + 5*w(j). Calculate k(-1).
5
Suppose 3*y - 21 = 3*c, -2*y + c = 6*c. Let v(b) be the first derivative of b**2/2 - 10*b - 1. What is v(y)?
-5
Suppose -11 = -5*s - 1. Suppose 0 = -d + s*d. Let v(m) be the second derivative of -m**4/12 - 3*m**2/2 + 2*m - 16. Determine v(d).
-3
Let g(w) = w - 3*w + 4 - 11. Suppose -2*k - 30 = 3*k. Determine g(k).
5
Let r(b) = -b**2 - 6*b - 4. Let g(u) = u + 1. Let v(s) = 5*g(s) + r(s). What is v(-4)?
-11
Let l(d) be the third derivative of -d**2 + 0 - 1/2*d**3 + 1/12*d**4 + 0*d. Let g(s) = s**3 - 11*s**2 + 19*s - 5. Let j be g(9). Give l(j).
5
Let d(g) = -3*g + g - 5 + 3. Suppose 0 = 2*q - u - 7, u + 5 + 5 = 3*q. Let h be (-2)/(-1) - (q + 3). Give d(h).
6
Let x(l) be the third derivative of -l**4/24 - 10*l**2. What is x(-6)?
6
Let v(q) be the first derivative of -q**6/120 + q**5/12 + q**4/8 - 2*q**3/3 + 9*q**2/2 + 2. Let l(z) be the second derivative of v(z). Calculate l(5).
11
Suppose 0 = -2*o - 10 - 0. Let g(x) = -5*x + x**2 - 18 - 2*x**2 + 13. Determine g(o).
-5
Let t(x) = -2 - 3*x**2 + 0*x + 5 + 3*x + 0. What is t(3)?
-15
Let z(r) = 18*r + 6*r + 1 - 17*r. Determine z(-1).
-6
Let t(f) = -3*f. Let n be t(-1). Let w(k) = k**2 - 2*k + 3. Calculate w(n).
6
Let i = -29 + 24. Let n(g) = g - 5. Let d(l) = 3. Let v(m) = 7*d(m) + 3*n(m). Determine v(i).
-9
Let h(t) = -t**2 - 9*t + 9. Let w(x) = -x**2 - 8*x + 8. Let p(k) = -4*h(k) + 5*w(k). Let m(y) = y - 2. Let b be m(-4). Let n = -10 - b. Determine p(n).
4
Let k(m) = -15*m + 1. Suppose -3*a - c - 4*c + 23 = 0, -5*c = 5*a - 25. Calculate k(a).
-14
Let y = -19 + 16. Let f(t) = -2*t**2 - 2*t + 1. What is f(y)?
-11
Suppose 0 = 2*c - 3*c. Let v(q) = -q**3 + q**2 + q. Let d(r) = 2*r**3 - 4*r**2 - 4*r + 4. Let y(w) = -d(w) - 3*v(w). Give y(c).
-4
Let b(i) = -i**2 + 3*i + 3. Suppose 5*z = 4*s + 9 - 3, -5*z = 3*s - 13. Suppose 0*u - u = -s. Let x(f) = 4*f - 1. Let w be x(u). Give b(w).
3
Let t = -6 + 8. Suppose -4*o = t + 10. Let c(q) = 0 - 7 + 4*q - 3*q + 3. Give c(o).
-7
Let t(g) = 6*g**2 - g. Let s = -142 + 143. Determine t(s).
5
Let t be (3/(-2))/((-7)/(-14)). Let w = t - -7. Let k(r) = -r**2 + 5*r - 2. Calculate k(w).
2
Let p(m) = 2*m + 2. Let a(h) = -h - 3. Let y be a(-6). Suppose k + 9 = 4*n, 2*k + y = -5*n - 2. What is p(k)?
-8
Let i(z) = 9*z - 4*z + 17*z - 7*z. Determine i(-1).
-15
Let i(m) = -m - 1. Let x be i(-4). Let q = 5 + -3. Let f(y) = -y**2 + 5 + y + q*y - 2. Give f(x).
3
Suppose 2*a + 6 = n + 7*a, 2*n - 4*a - 12 = 0. Let y(t) = -3 - 2*t - 5*t + 0 + t**2. Calculate y(n).
-9
Let j = -10 + 19. Let a be (2/3)/(6/j). Let v(p) = -3*p - 1. Calculate v(a).
-4
Suppose -u - 3*u = 4. Let g(i) be the third derivative of i**6/144 - i**5/120 + i**4/24 - i**2. Let r(y) be the second derivative of g(y). Give r(u).
-6
Suppose 26 = 2*b + 2. Suppose -d + n = -3*n - 22, -b = -d + 2*n. Let z(g) = 6 - 5*g - 5 - g**2 - d. Calculate z(-4).
3
Suppose 3*i + 4*c - 2 = -10, 3*i + 2*c = 2. Let o(u) = u**2 - u - 5. Determine o(i).
7
Let t(f) = f**3 + f**2 - f. Let k(j) = j**3 + 8*j**2 - 3*j - 5. Let b(l) = -k(l) + 2*t(l). Give b(6).
11
Suppose 0 = 2*m + 2*t - 10, m - 2*t + 7*t = 1. Let g(i) = -2*i + 4. Give g(m).
-8
Let d(k) = -2*k + 3*k - 12 + 11. Give d(1).
0
Let k be 0/(-1 + 1 + -1). Let r(y) = y + 6. Determine r(k).
6
Let v(f) = 14*f**3 + 5*f**2 + 5. Let n(j) = 14*j**3 + 6*j**2 + 6. Let a(t) = -5*n(t) + 6*v(t). Give a(-1).
-14
Suppose 2*c - 5*p = 0, -2*c + 2*p = -7*c. Let q(u) = 2*u**3 - 3*u**3 + u + c*u**3. Calculate q(0).
0
Let d(b) = 3*b - 2*b + 1 - 5 - 4. Determine d(5).
-3
Let y be (-1)/(-2) - 6/(-4). Let b(d) = 2*d**2 - 2*d**y + 8 + d**3 - 2*d**3. Determine b(0).
8
Let f(z) = -6*z - 3 + 1 + 5*z. Determine f(3).
-5
Let g be (-1 - -4) + 2 + 0. Let a(f) = -f**2 + 5*f - 4. Let i(s) = -1. Let r(h) = -a(h) - 3*i(h). Calculate r(g).
7
Let a = 24 + -22. Let y(l) = 2*l**3 + 5 + 0*l**2 + 2*l + 2*l**a + 2 - 6. Give y(-1).
-1
Let c(d) = -1 + 0*d + 2*d - 1 - 6. What is c(6)?
4
Let m(v) = -29*v + 1. Let d(w) = -146*w + 6. Let l(q) = -2*d(q) + 11*m(q). Determine l(1).
-28
Let z be 0*((-3)/(-6) + -1). Let b(h) = -5*h - 11. Let r(f) = 15 + 4*f - 5 + 0*f. Let q(g) = 5*b(g) + 6*r(g). Give q(z).
5
Suppose -h = -a + 1, -5*a + 4*a = -4. Let o(l) = 4*l - 1 + 4 - l**2 - 2. Give o(h).
4
Let i(m) = -23*m**2 + 11*m - 13. Let f(y) = 8*y**2 - 4*y + 5. Let o(h) = -8*f(h) - 3*i(h). What is o(-1)?
5
Let g(t) be the third derivative of -t**5/60 + t**4/4 + t**3/6 + 9*t**2. Determine g(5).
6
Let w(y) = 2*y**2 + 4*y. Suppose -12 - 3 = 5*o. Determine w(o).
6
Let y(h) = -2*h**2 - 3*h - 1. Let n(m) = 1. Let w(a) = -5*n(a) - y(a). Let i be 1/2*(-60)/10. Let t be w(i). Let s(z) = -z**2 + 6*z. Give s(t).
5
Suppose 0 = -5*s + 17 + 13. Let r(p) = 0 + 2 + p - s. Give r(-4).
-8
Let c(f) = 15 - 30 + 3*f + 12. Let a(y) = y**2 + y. Let x be a(-2). Determine c(x).
3
Let u(h) = -3 - 4*h + 9 + 8*h + 0*h. Determine u(-5).
-14
Let w(y) be the second derivative of y**7/840 + y**6/120 - y**5/20 - y**4/6 - 4*y**3/3 + 5*y. Let a(r) be the second derivative of w(r). Calculate a(-4).
4
Let z(